se 14, what is 1 - -4d9c?
4d9d
In base 15, what is 2b749 + 2?
2b74b
In base 5, what is -1414 + 402?
-1012
In base 15, what is -45c3 - 5?
-45c8
In base 4, what is 11201 - 123133?
-111332
In base 7, what is 3 - 133466?
-133463
In base 12, what is 7 - 69?
-62
In base 8, what is 43 - 2631?
-2566
In base 5, what is -10 - -134221?
134211
In base 3, what is -111 + -100120211010?
-100120211121
In base 16, what is -bf - e10?
-ecf
In base 8, what is -65 - -157?
72
In base 11, what is 0 - a662?
-a662
In base 12, what is 1a1 - 224?
-43
In base 14, what is -446 + 1c?
-428
In base 6, what is 53524 + 33?
54001
In base 13, what is -1a918 - 1a?
-1a935
In base 11, what is -6 - 2755?
-2760
In base 12, what is -72b67 + -5?
-72b70
In base 6, what is -5 - -330204?
330155
In base 15, what is 0 + 12941b?
12941b
In base 4, what is -1 + 31210331?
31210330
In base 11, what is -40 + -30583?
-30613
In base 3, what is 1111210011102 - 0?
1111210011102
In base 2, what is 11001 - 11010000111?
-11001101110
In base 6, what is 0 - -424310?
424310
In base 7, what is -551145 - -1?
-551144
In base 13, what is 56 + 29a?
323
In base 12, what is 2 + 11441?
11443
In base 7, what is -14211 + 242?
-13636
In base 11, what is 1 - 165048?
-165047
In base 10, what is -434 + 125?
-309
In base 11, what is -2 - -7864?
7862
In base 12, what is 5823a + -4?
58236
In base 5, what is -4220 + 224?
-3441
In base 7, what is 31124 + 364?
31521
In base 9, what is -41701 - -1?
-41700
In base 10, what is -5 + -177290?
-177295
In base 12, what is -8bb84 - 2?
-8bb86
In base 16, what is -18f8b - 6?
-18f91
In base 2, what is 1001 + -110011110011110?
-110011110010101
In base 9, what is 318 - -725?
1144
In base 7, what is -2 - -2515016?
2515014
In base 5, what is -1213003 + 4?
-1212444
In base 10, what is 11 - -12298?
12309
In base 11, what is -60 - -388a2?
38842
In base 2, what is 1 - 101101001111001010001?
-101101001111001010000
In base 11, what is -142052 + -5?
-142057
In base 3, what is 1121022222102 + 0?
1121022222102
In base 7, what is -13 - 1661?
-2004
In base 6, what is -12453242 - 11?
-12453253
In base 2, what is 0 - 1001100001010?
-1001100001010
In base 9, what is -2 - -245360?
245357
In base 9, what is -5728 + -373?
-6212
In base 8, what is 2420 + -371?
2027
In base 6, what is 142420 - 355?
142021
In base 16, what is -4 - -1788?
1784
In base 4, what is -32 + -1300132?
-1300230
In base 9, what is -487 - -71?
-416
In base 7, what is -5 + 11255105?
11255100
In base 13, what is -15697 + -a?
-156a4
In base 9, what is -3 + -2858?
-2862
In base 5, what is 304104 + -41?
304013
In base 2, what is 100 - 1101011100010101?
-1101011100010001
In base 2, what is 11011000 - -100000110?
111011110
In base 10, what is 7 - 2016?
-2009
In base 8, what is 0 - 1746532?
-1746532
In base 8, what is -12747 + -164?
-13133
In base 8, what is -45 + -2542?
-2607
In base 15, what is 3891 - -1?
3892
In base 5, what is -43424 + 21?
-43403
In base 4, what is 0 + 110312232?
110312232
In base 8, what is 2 - 1556666?
-1556664
In base 10, what is -19 + 963?
944
In base 13, what is -57a - 4?
-581
In base 7, what is -322 + 5645?
5323
In base 13, what is -1c9b - 3?
-1ca1
In base 15, what is -69104e - 1?
-691050
In base 14, what is 53 - -2b28?
2b7b
In base 5, what is -13432223 + 3?
-13432220
In base 13, what is 3 + -4600a?
-46007
In base 9, what is 40806 - -10?
40816
In base 15, what is 34 - 112d?
-10e9
In base 13, what is -3 + 4c875?
4c872
In base 3, what is -2200120201212 - -11?
-2200120201201
In base 10, what is -253 + 1363?
1110
In base 4, what is 1030320 - -20?
1031000
In base 15, what is 2223 - -5?
2228
In base 16, what is 61d + 28?
645
In base 2, what is 100111010001000111101 - 100?
100111010001000111001
In base 2, what is 110 - -110011100010?
110011101000
In base 2, what is -10110010 - 100101110?
-111100000
In base 5, what is 1332 + -303033?
-301201
In base 15, what is -1b03ad - 2?
-1b03b0
In base 3, what is 2011 - 1021211?
-1012200
In base 16, what is -1b - -b47?
b2c
In base 5, what is -2201 - -1213?
-433
In base 4, what is 30023230 + 20?
30023310
In base 5, what is 10 - 221322324?
-221322314
In base 8, what is -110 + 612?
502
In base 7, what is -305 + -14331?
-14636
In base 5, what is 220022 - -313?
220340
In base 3, what is -10 + 2120122222?
2120122212
In base 14, what is -9 + -43d2b?
-43d36
In base 7, what is 143 - -5236?
5412
In base 3, what is -122121111 + -11?
-122121122
In base 10, what is 198 - 268?
-70
In base 2, what is -11000001010 + 100000101?
-10100000101
In base 13, what is 1685b5 + 1?
1685b6
In base 4, what is -201 - 1003023?
-1003230
In base 7, what is 6161 + 446?
6640
In base 6, what is 15 - 110325?
-110310
In base 15, what is -13c13 + 3?
-13c10
In base 5, what is -1222111 + -22?
-1222133
In base 3, what is -1 - -2212201112222?
2212201112221
In base 11, what is 5035 + -10?
5025
In base 16, what is -206 - -1?
-205
In base 15, what is -4 - 7a5?
-7a9
In base 14, what is d + -181?
-172
In base 16, what is -a3b - -3?
-a38
In base 8, what is 2 + 44224?
44226
In base 14, what is -18c3 + 6?
-18bb
In base 14, what is 1d28 - -c?
1d36
In base 14, what is -173 + 136?
-3b
In base 4, what is -1 + 333312?
333311
In base 4, what is -1100 - -2220?
1120
In base 8, what is -350 + 220?
-130
In base 3, what is -1122 - -110100?
101201
In base 7, what is -123 - -20211?
20055
In base 4, what is 333322 - -203?
1000131
In base 13, what is -5c7c - -8?
-5c74
In base 7, what is 5045 - -5?
5053
In base 11, what is -3 + 93321?
93319
In base 8, what is 20350 + -31?
20317
In base 12, what is b55 - 2?
b53
In base 4, what is 1311030232 - 0?
1311030232
In base 9, what is 0 - -4622?
4622
In base 7, what is -1022 - 411?
-1433
In base 16, what is -11 - 89b9?
-89ca
In base 5, what is -1 + -422201?
-422202
In base 4, what is 21223 - 130?
21033
In base 14, what is -2226 + 33?
-21d3
In base 15, what is -5 - a8ea7?
-a8eac
In base 9, what is 33 + 42481?
42524
In base 11, what is 1 - 684540?
-68453a
In base 13, what is -5 - -13682?
1367a
In base 2, what is -1011111101011 + 1?
-1011111101010
In base 10, what is -12245586 + -4?
-12245590
In base 3, what is -10 + -1122122000?
-1122122010
In base 14, what is 2 + 43035?
43037
In base 13, what is -11033 - 13?
-11046
In base 8, what is -56 - -124376?
124320
In base 3, what is 101 + -1020112201101?
-1020112201000
In base 2, what is -1100001001111 - -1001?
-1100001000110
In base 2, what is 1101011001001 + -111010?
1101010001111
In base 15, what is -3 - 7ab1e?
-7ab22
In base 10, what is -36 + -99720?
-99756
In base 11, what is 24 + 8?
31
In base 7, what is 5245342 + 4?
5245346
In base 3, what is -1 - 2121102121?
-2121102122
In base 8, what is 12032 + 5?
12037
In base 15, what is 1 - -1e638?
1e639
In base 9, what is -63330 + 43?
-63276
In base 5, what is -223 + 10101?
4323
In base 12, what is -57 - 8107?
-8162
In base 14, what is -6 - -1c26?
1c20
In base 5, what is 2314 - -4300?
12114
In base 16, what is -204f + 2e?
-2021
In base 14, what is -5 + -76a?
-771
In base 14, what is 2069 - -28?
2093
In base 13, what is 97265 + 2?
97267
In base 4, what is -11 - -22123032?
22123021
In base 4, what is -1222233 + -2?
-1222301
In base 10, what is -6 + -344785?
-344791
In base 2, what is -1001111010000010 + 101?
-1001111001111101
In base 14, what is -d1d + 31?
-ccc
In base 4, what is -112 + -10232333?
-10233111
In base 13, what is 43b74 - -4?
43b78
In base 14, what is 4214 - 4c?
41a6
In base 4, what is 0 - -2020011220?
2020011220
In base 9, what is -52152 - -114?
-52037
In base 13, what is 5654 - -85?
5709
In base 9, what is -23 - 1885?
-2018
In base 10, what is -749 + -1921?
-2670
In base 11, what is -4 + -1a870?
-1a874
In base 2, what is 110 - -110111000010010011?
110111000010011001
In base 14, what is 154c98 + 4?
154c9c
In base 9, what is -37176 - -14?
-37162
In base 4, what is 1032 + -1031310?
-1030212
In base 10, what is 1567 - 184?
1383
In base 10, what is 7838 + 124?
7962
In base 15, what is -10276e + -1?
-102770
In base 16, what is 2aa - 6cc?
-422
In base 12, what is 12275 + 1b?
12294
In base 3, what is 10012022 + -11121?
10000201
In base 16, what is -669 - -1?
-668
In base 10, what is -4 - 78212?
-78216
In base 9, what is 14 + 310755?
310770
In base 11, what is -99622 - -1?
-99621
In base 5, what is -3 + 13140221?
131402